{"id":42,"date":"2021-05-02T14:15:31","date_gmt":"2021-05-02T12:15:31","guid":{"rendered":"https:\/\/mykindof.art\/?page_id=42"},"modified":"2023-03-17T23:31:42","modified_gmt":"2023-03-17T21:31:42","slug":"wunschbild-konfigurieren","status":"publish","type":"page","link":"https:\/\/mykindof.art\/acrylgemaelde\/wunschbild-konfigurieren\/","title":{"rendered":"Wunschbild konfigurieren"},"content":{"rendered":"\n<p>In vier Schritten &#8211; und gerne auch anhand von bestehenden Bildern &#8211;\u00a0bestimmen, was dein gew\u00fcnschtes Gem\u00e4lde ausmachen soll: <\/p>\n\n\n\n<ol><li><strong>Farbstellung<\/strong> vorgeben <\/li><li>Graphische <strong>Komplexit\u00e4t<\/strong> bestimmen <\/li><li><strong>Mustertyp<\/strong> definieren <\/li><li><strong>Bild- \/Leinwandgr\u00f6\u00dfe<\/strong> festlegen <\/li><\/ol>\n\n\n\n<div class=\"wp-container-3 wp-block-columns\">\n<div class=\"wp-container-2 wp-block-column\" style=\"flex-basis:100%\">\n<h2>1. FARBSTELLUNG VORGEBEN<\/h2>\n<\/div>\n<\/div>\n\n\n\n<p>Sag mir, welche Farben du haben m\u00f6chtest f\u00fcr dein <strong>Wunschgem\u00e4lde<\/strong>. Welche nicht? Magst du es eher beruhigt und aus wenigen Farben kommend oder eher abwechslungsreich? Hier ein paar BEISPIELE:<\/p>\n\n\n\n<figure class=\"wp-container-5 wp-block-gallery-4 wp-block-gallery has-nested-images columns-default is-cropped\">\n<figure class=\"wp-block-image size-large\"><img loading=\"lazy\" width=\"850\" height=\"1024\" data-id=\"184\"  src=\"https:\/\/mykindof.art\/wp-content\/uploads\/2021\/05\/ThomasBruell-Acrylgemaelde-Chaos-50x60-Orange-Rot-Gruen-850x1024.jpg\" alt=\"\" class=\"wp-image-184\" srcset=\"https:\/\/mykindof.art\/wp-content\/uploads\/2021\/05\/ThomasBruell-Acrylgemaelde-Chaos-50x60-Orange-Rot-Gruen-850x1024.jpg 850w, https:\/\/mykindof.art\/wp-content\/uploads\/2021\/05\/ThomasBruell-Acrylgemaelde-Chaos-50x60-Orange-Rot-Gruen-249x300.jpg 249w, https:\/\/mykindof.art\/wp-content\/uploads\/2021\/05\/ThomasBruell-Acrylgemaelde-Chaos-50x60-Orange-Rot-Gruen-768x926.jpg 768w, https:\/\/mykindof.art\/wp-content\/uploads\/2021\/05\/ThomasBruell-Acrylgemaelde-Chaos-50x60-Orange-Rot-Gruen-1275x1536.jpg 1275w, https:\/\/mykindof.art\/wp-content\/uploads\/2021\/05\/ThomasBruell-Acrylgemaelde-Chaos-50x60-Orange-Rot-Gruen-1699x2048.jpg 1699w, https:\/\/mykindof.art\/wp-content\/uploads\/2021\/05\/ThomasBruell-Acrylgemaelde-Chaos-50x60-Orange-Rot-Gruen-1240x1494.jpg 1240w, https:\/\/mykindof.art\/wp-content\/uploads\/2021\/05\/ThomasBruell-Acrylgemaelde-Chaos-50x60-Orange-Rot-Gruen-508x612.jpg 508w\" sizes=\"(max-width: 850px) 100vw, 850px\" \/><figcaption>50 x 60 cm; orange, rot, gr\u00fcn<\/figcaption><\/figure>\n\n\n\n<figure class=\"wp-block-image size-large\"><img loading=\"lazy\" width=\"1022\" height=\"1024\" data-id=\"185\"  src=\"https:\/\/mykindof.art\/wp-content\/uploads\/2021\/05\/ThomasBruell-Acrylgemaelde-Chaos-60x60cm-Silber-Erdtoene-Gold-Silber-Rosa-1022x1024.jpg\" alt=\"\" class=\"wp-image-185\" srcset=\"https:\/\/mykindof.art\/wp-content\/uploads\/2021\/05\/ThomasBruell-Acrylgemaelde-Chaos-60x60cm-Silber-Erdtoene-Gold-Silber-Rosa-1022x1024.jpg 1022w, https:\/\/mykindof.art\/wp-content\/uploads\/2021\/05\/ThomasBruell-Acrylgemaelde-Chaos-60x60cm-Silber-Erdtoene-Gold-Silber-Rosa-300x300.jpg 300w, https:\/\/mykindof.art\/wp-content\/uploads\/2021\/05\/ThomasBruell-Acrylgemaelde-Chaos-60x60cm-Silber-Erdtoene-Gold-Silber-Rosa-150x150.jpg 150w, https:\/\/mykindof.art\/wp-content\/uploads\/2021\/05\/ThomasBruell-Acrylgemaelde-Chaos-60x60cm-Silber-Erdtoene-Gold-Silber-Rosa-768x770.jpg 768w, https:\/\/mykindof.art\/wp-content\/uploads\/2021\/05\/ThomasBruell-Acrylgemaelde-Chaos-60x60cm-Silber-Erdtoene-Gold-Silber-Rosa-1533x1536.jpg 1533w, https:\/\/mykindof.art\/wp-content\/uploads\/2021\/05\/ThomasBruell-Acrylgemaelde-Chaos-60x60cm-Silber-Erdtoene-Gold-Silber-Rosa-2043x2048.jpg 2043w, https:\/\/mykindof.art\/wp-content\/uploads\/2021\/05\/ThomasBruell-Acrylgemaelde-Chaos-60x60cm-Silber-Erdtoene-Gold-Silber-Rosa-1240x1243.jpg 1240w, https:\/\/mykindof.art\/wp-content\/uploads\/2021\/05\/ThomasBruell-Acrylgemaelde-Chaos-60x60cm-Silber-Erdtoene-Gold-Silber-Rosa-508x509.jpg 508w\" sizes=\"(max-width: 1022px) 100vw, 1022px\" \/><figcaption>60 x 60 cm; Erdt\u00f6ne, silber<\/figcaption><\/figure>\n\n\n\n<figure class=\"wp-block-image size-large\"><img loading=\"lazy\" width=\"849\" height=\"1024\" data-id=\"183\"  src=\"https:\/\/mykindof.art\/wp-content\/uploads\/2021\/05\/ThomasBruell-Acrylgemaelde-Chaos-50x60-Blau-Gruen-849x1024.jpg\" alt=\"\" class=\"wp-image-183\" srcset=\"https:\/\/mykindof.art\/wp-content\/uploads\/2021\/05\/ThomasBruell-Acrylgemaelde-Chaos-50x60-Blau-Gruen-849x1024.jpg 849w, https:\/\/mykindof.art\/wp-content\/uploads\/2021\/05\/ThomasBruell-Acrylgemaelde-Chaos-50x60-Blau-Gruen-249x300.jpg 249w, https:\/\/mykindof.art\/wp-content\/uploads\/2021\/05\/ThomasBruell-Acrylgemaelde-Chaos-50x60-Blau-Gruen-768x927.jpg 768w, https:\/\/mykindof.art\/wp-content\/uploads\/2021\/05\/ThomasBruell-Acrylgemaelde-Chaos-50x60-Blau-Gruen-1273x1536.jpg 1273w, https:\/\/mykindof.art\/wp-content\/uploads\/2021\/05\/ThomasBruell-Acrylgemaelde-Chaos-50x60-Blau-Gruen-1697x2048.jpg 1697w, https:\/\/mykindof.art\/wp-content\/uploads\/2021\/05\/ThomasBruell-Acrylgemaelde-Chaos-50x60-Blau-Gruen-1240x1496.jpg 1240w, https:\/\/mykindof.art\/wp-content\/uploads\/2021\/05\/ThomasBruell-Acrylgemaelde-Chaos-50x60-Blau-Gruen-508x613.jpg 508w\" sizes=\"(max-width: 849px) 100vw, 849px\" \/><figcaption>50 x 60 cm; blau, gr\u00fcn<\/figcaption><\/figure>\n\n\n\n<figure class=\"wp-block-image size-large\"><img loading=\"lazy\" width=\"1017\" height=\"1024\" data-id=\"189\"  src=\"https:\/\/mykindof.art\/wp-content\/uploads\/2021\/05\/ThomasBruell-Acrylgemaelde-Prisma-20x20cm-Rosa-Rot-1017x1024.jpg\" alt=\"\" class=\"wp-image-189\" srcset=\"https:\/\/mykindof.art\/wp-content\/uploads\/2021\/05\/ThomasBruell-Acrylgemaelde-Prisma-20x20cm-Rosa-Rot-1017x1024.jpg 1017w, https:\/\/mykindof.art\/wp-content\/uploads\/2021\/05\/ThomasBruell-Acrylgemaelde-Prisma-20x20cm-Rosa-Rot-298x300.jpg 298w, https:\/\/mykindof.art\/wp-content\/uploads\/2021\/05\/ThomasBruell-Acrylgemaelde-Prisma-20x20cm-Rosa-Rot-150x150.jpg 150w, https:\/\/mykindof.art\/wp-content\/uploads\/2021\/05\/ThomasBruell-Acrylgemaelde-Prisma-20x20cm-Rosa-Rot-768x774.jpg 768w, https:\/\/mykindof.art\/wp-content\/uploads\/2021\/05\/ThomasBruell-Acrylgemaelde-Prisma-20x20cm-Rosa-Rot-1525x1536.jpg 1525w, https:\/\/mykindof.art\/wp-content\/uploads\/2021\/05\/ThomasBruell-Acrylgemaelde-Prisma-20x20cm-Rosa-Rot-1240x1249.jpg 1240w, https:\/\/mykindof.art\/wp-content\/uploads\/2021\/05\/ThomasBruell-Acrylgemaelde-Prisma-20x20cm-Rosa-Rot-508x512.jpg 508w, https:\/\/mykindof.art\/wp-content\/uploads\/2021\/05\/ThomasBruell-Acrylgemaelde-Prisma-20x20cm-Rosa-Rot.jpg 1783w\" sizes=\"(max-width: 1017px) 100vw, 1017px\" \/><figcaption>20 x 20 cm; rosa, rot<\/figcaption><\/figure>\n\n\n\n<figure class=\"wp-block-image size-large\"><img loading=\"lazy\" width=\"1017\" height=\"1024\" data-id=\"191\"  src=\"https:\/\/mykindof.art\/wp-content\/uploads\/2021\/05\/ThomasBruell-Acrylgemaelde-Prisma-40x40cm-Hell-Bunt-Gruen-Blau-Rot_1-1017x1024.jpg\" alt=\"\" class=\"wp-image-191\" srcset=\"https:\/\/mykindof.art\/wp-content\/uploads\/2021\/05\/ThomasBruell-Acrylgemaelde-Prisma-40x40cm-Hell-Bunt-Gruen-Blau-Rot_1-1017x1024.jpg 1017w, https:\/\/mykindof.art\/wp-content\/uploads\/2021\/05\/ThomasBruell-Acrylgemaelde-Prisma-40x40cm-Hell-Bunt-Gruen-Blau-Rot_1-298x300.jpg 298w, https:\/\/mykindof.art\/wp-content\/uploads\/2021\/05\/ThomasBruell-Acrylgemaelde-Prisma-40x40cm-Hell-Bunt-Gruen-Blau-Rot_1-150x150.jpg 150w, https:\/\/mykindof.art\/wp-content\/uploads\/2021\/05\/ThomasBruell-Acrylgemaelde-Prisma-40x40cm-Hell-Bunt-Gruen-Blau-Rot_1-768x773.jpg 768w, https:\/\/mykindof.art\/wp-content\/uploads\/2021\/05\/ThomasBruell-Acrylgemaelde-Prisma-40x40cm-Hell-Bunt-Gruen-Blau-Rot_1-1526x1536.jpg 1526w, https:\/\/mykindof.art\/wp-content\/uploads\/2021\/05\/ThomasBruell-Acrylgemaelde-Prisma-40x40cm-Hell-Bunt-Gruen-Blau-Rot_1-2034x2048.jpg 2034w, https:\/\/mykindof.art\/wp-content\/uploads\/2021\/05\/ThomasBruell-Acrylgemaelde-Prisma-40x40cm-Hell-Bunt-Gruen-Blau-Rot_1-1240x1248.jpg 1240w, https:\/\/mykindof.art\/wp-content\/uploads\/2021\/05\/ThomasBruell-Acrylgemaelde-Prisma-40x40cm-Hell-Bunt-Gruen-Blau-Rot_1-508x511.jpg 508w\" sizes=\"(max-width: 1017px) 100vw, 1017px\" \/><figcaption>40 x 40 cm; hell bunt<\/figcaption><\/figure>\n<\/figure>\n\n\n<h2>2. Komplexit\u00e4t bestimmen<\/h2>\n\n\n<p>Du kannst Bilder mit wenigen Farbfeldern (also eher ruhig) haben oder mit mehreren, mit niedriger Komplexit\u00e4t oder mit hoher. Ganz wie du willst. Je komplexer, desto l\u00e4nger arbeite ich an deinem Wunschbild. Hier findest du drei Komplexit\u00e4ts-Beispiele zur Orientierung:<\/p>\n\n\n\n<figure class=\"wp-container-7 wp-block-gallery-6 wp-block-gallery has-nested-images columns-default is-cropped\">\n<figure class=\"wp-block-image size-large\"><img loading=\"lazy\" width=\"1017\" height=\"1024\" data-id=\"189\"  src=\"https:\/\/mykindof.art\/wp-content\/uploads\/2021\/05\/ThomasBruell-Acrylgemaelde-Prisma-20x20cm-Rosa-Rot-1017x1024.jpg\" alt=\"Niedrig (\" class=\"wp-image-189\" srcset=\"https:\/\/mykindof.art\/wp-content\/uploads\/2021\/05\/ThomasBruell-Acrylgemaelde-Prisma-20x20cm-Rosa-Rot-1017x1024.jpg 1017w, https:\/\/mykindof.art\/wp-content\/uploads\/2021\/05\/ThomasBruell-Acrylgemaelde-Prisma-20x20cm-Rosa-Rot-298x300.jpg 298w, https:\/\/mykindof.art\/wp-content\/uploads\/2021\/05\/ThomasBruell-Acrylgemaelde-Prisma-20x20cm-Rosa-Rot-150x150.jpg 150w, https:\/\/mykindof.art\/wp-content\/uploads\/2021\/05\/ThomasBruell-Acrylgemaelde-Prisma-20x20cm-Rosa-Rot-768x774.jpg 768w, https:\/\/mykindof.art\/wp-content\/uploads\/2021\/05\/ThomasBruell-Acrylgemaelde-Prisma-20x20cm-Rosa-Rot-1525x1536.jpg 1525w, https:\/\/mykindof.art\/wp-content\/uploads\/2021\/05\/ThomasBruell-Acrylgemaelde-Prisma-20x20cm-Rosa-Rot-1240x1249.jpg 1240w, https:\/\/mykindof.art\/wp-content\/uploads\/2021\/05\/ThomasBruell-Acrylgemaelde-Prisma-20x20cm-Rosa-Rot-508x512.jpg 508w, https:\/\/mykindof.art\/wp-content\/uploads\/2021\/05\/ThomasBruell-Acrylgemaelde-Prisma-20x20cm-Rosa-Rot.jpg 1783w\" sizes=\"(max-width: 1017px) 100vw, 1017px\" \/><figcaption>Niedrig (&lt; 15 Farbfelder)<\/figcaption><\/figure>\n\n\n\n<figure class=\"wp-block-image size-large\"><img loading=\"lazy\" width=\"1024\" height=\"1024\" data-id=\"194\"  src=\"https:\/\/mykindof.art\/wp-content\/uploads\/2021\/05\/Thomas-Bruell-Aqua-Prism-Muster-2-60-60-1024x1024.jpg\" alt=\"\" class=\"wp-image-194\" srcset=\"https:\/\/mykindof.art\/wp-content\/uploads\/2021\/05\/Thomas-Bruell-Aqua-Prism-Muster-2-60-60-1024x1024.jpg 1024w, https:\/\/mykindof.art\/wp-content\/uploads\/2021\/05\/Thomas-Bruell-Aqua-Prism-Muster-2-60-60-300x300.jpg 300w, https:\/\/mykindof.art\/wp-content\/uploads\/2021\/05\/Thomas-Bruell-Aqua-Prism-Muster-2-60-60-150x150.jpg 150w, https:\/\/mykindof.art\/wp-content\/uploads\/2021\/05\/Thomas-Bruell-Aqua-Prism-Muster-2-60-60-768x768.jpg 768w, https:\/\/mykindof.art\/wp-content\/uploads\/2021\/05\/Thomas-Bruell-Aqua-Prism-Muster-2-60-60-1536x1536.jpg 1536w, https:\/\/mykindof.art\/wp-content\/uploads\/2021\/05\/Thomas-Bruell-Aqua-Prism-Muster-2-60-60-2048x2048.jpg 2048w, https:\/\/mykindof.art\/wp-content\/uploads\/2021\/05\/Thomas-Bruell-Aqua-Prism-Muster-2-60-60-1240x1240.jpg 1240w, https:\/\/mykindof.art\/wp-content\/uploads\/2021\/05\/Thomas-Bruell-Aqua-Prism-Muster-2-60-60-508x508.jpg 508w\" sizes=\"(max-width: 1024px) 100vw, 1024px\" \/><figcaption>Mittel<\/figcaption><\/figure>\n\n\n\n<figure class=\"wp-block-image size-large\"><img loading=\"lazy\" width=\"1022\" height=\"1024\" data-id=\"185\"  src=\"https:\/\/mykindof.art\/wp-content\/uploads\/2021\/05\/ThomasBruell-Acrylgemaelde-Chaos-60x60cm-Silber-Erdtoene-Gold-Silber-Rosa-1022x1024.jpg\" alt=\"\" class=\"wp-image-185\" srcset=\"https:\/\/mykindof.art\/wp-content\/uploads\/2021\/05\/ThomasBruell-Acrylgemaelde-Chaos-60x60cm-Silber-Erdtoene-Gold-Silber-Rosa-1022x1024.jpg 1022w, https:\/\/mykindof.art\/wp-content\/uploads\/2021\/05\/ThomasBruell-Acrylgemaelde-Chaos-60x60cm-Silber-Erdtoene-Gold-Silber-Rosa-300x300.jpg 300w, https:\/\/mykindof.art\/wp-content\/uploads\/2021\/05\/ThomasBruell-Acrylgemaelde-Chaos-60x60cm-Silber-Erdtoene-Gold-Silber-Rosa-150x150.jpg 150w, https:\/\/mykindof.art\/wp-content\/uploads\/2021\/05\/ThomasBruell-Acrylgemaelde-Chaos-60x60cm-Silber-Erdtoene-Gold-Silber-Rosa-768x770.jpg 768w, https:\/\/mykindof.art\/wp-content\/uploads\/2021\/05\/ThomasBruell-Acrylgemaelde-Chaos-60x60cm-Silber-Erdtoene-Gold-Silber-Rosa-1533x1536.jpg 1533w, https:\/\/mykindof.art\/wp-content\/uploads\/2021\/05\/ThomasBruell-Acrylgemaelde-Chaos-60x60cm-Silber-Erdtoene-Gold-Silber-Rosa-2043x2048.jpg 2043w, https:\/\/mykindof.art\/wp-content\/uploads\/2021\/05\/ThomasBruell-Acrylgemaelde-Chaos-60x60cm-Silber-Erdtoene-Gold-Silber-Rosa-1240x1243.jpg 1240w, https:\/\/mykindof.art\/wp-content\/uploads\/2021\/05\/ThomasBruell-Acrylgemaelde-Chaos-60x60cm-Silber-Erdtoene-Gold-Silber-Rosa-508x509.jpg 508w\" sizes=\"(max-width: 1022px) 100vw, 1022px\" \/><figcaption>Hoch (&gt;30 Farbfelder)<\/figcaption><\/figure>\n<\/figure>\n\n\n<h2>3. Mustertyp Definieren<\/h2>\n\n\n<p>Eine Frage des pers\u00f6nlichen Geschmackes. Aus folgenden Standardmustern kannst du dir eins als Basis aussuchen:<\/p>\n\n\n\n<ol><li>Ein <strong>X als Basis<\/strong><\/li><li>Ein auf der <strong>Spitze stehendes Quadrat<\/strong><\/li><li>Eine (scheinbar) <strong>chaotische Anordnung&nbsp;<\/strong><br>(Typ 3 funktioniert nicht gut mit einer niedrigeren Farbfeldanzahl)<\/li><\/ol>\n\n\n\n<figure class=\"wp-container-9 wp-block-gallery-8 wp-block-gallery has-nested-images columns-default is-cropped\">\n<figure class=\"wp-block-image size-large\"><img loading=\"lazy\" width=\"1024\" height=\"1024\" data-id=\"56\"  src=\"https:\/\/mykindof.art\/wp-content\/uploads\/2021\/05\/Muster-1-Thomas-Bruell-1024x1024.jpg\" alt=\"\" class=\"wp-image-56\" srcset=\"https:\/\/mykindof.art\/wp-content\/uploads\/2021\/05\/Muster-1-Thomas-Bruell-1024x1024.jpg 1024w, https:\/\/mykindof.art\/wp-content\/uploads\/2021\/05\/Muster-1-Thomas-Bruell-300x300.jpg 300w, https:\/\/mykindof.art\/wp-content\/uploads\/2021\/05\/Muster-1-Thomas-Bruell-150x150.jpg 150w, https:\/\/mykindof.art\/wp-content\/uploads\/2021\/05\/Muster-1-Thomas-Bruell-768x768.jpg 768w, https:\/\/mykindof.art\/wp-content\/uploads\/2021\/05\/Muster-1-Thomas-Bruell-1536x1536.jpg 1536w, https:\/\/mykindof.art\/wp-content\/uploads\/2021\/05\/Muster-1-Thomas-Bruell-2048x2048.jpg 2048w, https:\/\/mykindof.art\/wp-content\/uploads\/2021\/05\/Muster-1-Thomas-Bruell-1240x1240.jpg 1240w, https:\/\/mykindof.art\/wp-content\/uploads\/2021\/05\/Muster-1-Thomas-Bruell-508x508.jpg 508w\" sizes=\"(max-width: 1024px) 100vw, 1024px\" \/><figcaption>1. X als Basis<\/figcaption><\/figure>\n\n\n\n<figure class=\"wp-block-image size-large\"><img loading=\"lazy\" width=\"1024\" height=\"1024\" data-id=\"57\"  src=\"https:\/\/mykindof.art\/wp-content\/uploads\/2021\/05\/Muster-2-Thomas-Bruell-1024x1024.jpg\" alt=\"\" class=\"wp-image-57\" srcset=\"https:\/\/mykindof.art\/wp-content\/uploads\/2021\/05\/Muster-2-Thomas-Bruell-1024x1024.jpg 1024w, https:\/\/mykindof.art\/wp-content\/uploads\/2021\/05\/Muster-2-Thomas-Bruell-300x300.jpg 300w, https:\/\/mykindof.art\/wp-content\/uploads\/2021\/05\/Muster-2-Thomas-Bruell-150x150.jpg 150w, https:\/\/mykindof.art\/wp-content\/uploads\/2021\/05\/Muster-2-Thomas-Bruell-768x768.jpg 768w, https:\/\/mykindof.art\/wp-content\/uploads\/2021\/05\/Muster-2-Thomas-Bruell-1536x1536.jpg 1536w, https:\/\/mykindof.art\/wp-content\/uploads\/2021\/05\/Muster-2-Thomas-Bruell-2048x2048.jpg 2048w, https:\/\/mykindof.art\/wp-content\/uploads\/2021\/05\/Muster-2-Thomas-Bruell-1240x1240.jpg 1240w, https:\/\/mykindof.art\/wp-content\/uploads\/2021\/05\/Muster-2-Thomas-Bruell-508x508.jpg 508w\" sizes=\"(max-width: 1024px) 100vw, 1024px\" \/><figcaption>2. Auf Spitze stehendes Quadrat<\/figcaption><\/figure>\n\n\n\n<figure class=\"wp-block-image size-large\"><img loading=\"lazy\" width=\"828\" height=\"828\" data-id=\"58\"  src=\"https:\/\/mykindof.art\/wp-content\/uploads\/2021\/05\/Muster-3-Thomas-Bruell.jpg\" alt=\"\" class=\"wp-image-58\" srcset=\"https:\/\/mykindof.art\/wp-content\/uploads\/2021\/05\/Muster-3-Thomas-Bruell.jpg 828w, https:\/\/mykindof.art\/wp-content\/uploads\/2021\/05\/Muster-3-Thomas-Bruell-300x300.jpg 300w, https:\/\/mykindof.art\/wp-content\/uploads\/2021\/05\/Muster-3-Thomas-Bruell-150x150.jpg 150w, https:\/\/mykindof.art\/wp-content\/uploads\/2021\/05\/Muster-3-Thomas-Bruell-768x768.jpg 768w, https:\/\/mykindof.art\/wp-content\/uploads\/2021\/05\/Muster-3-Thomas-Bruell-508x508.jpg 508w\" sizes=\"(max-width: 828px) 100vw, 828px\" \/><figcaption>3. scheinbar chaotisch<\/figcaption><\/figure>\n<\/figure>\n\n\n<h2>4. Bildgr\u00f6sse festlegen\u00a0<\/h2>\n\n\n<p>Zur Orientierung gibt es standardm\u00e4\u00dfig als Gr\u00f6\u00dfe der Leinwand:<\/p>\n\n\n\n<ul><li>20\u00d720 cm<\/li><li>40\u00d740 cm<\/li><li>50\u00d760 cm<\/li><li>60\u00d760 cm<\/li><li>80\u00d780 cm und<\/li><li>100\u00d7100 cm<\/li><\/ul>\n\n\n\n<p>Die Standard-Leinwand hat eine Tiefe von ca. 20 mm.<\/p>\n\n\n\n<p><\/p>\n\n\n\n<div class=\"wp-container-10 is-horizontal is-content-justification-center wp-block-buttons\">\n<div class=\"wp-block-button has-custom-width wp-block-button__width-50 is-style-outline\"><a class=\"wp-block-button__link has-dark-gray-color has-text-color has-background\" href=\"mailto:kontakt@mykindof.art\" style=\"background-color:#ffffff\">Du hast Fragen?<\/a><\/div>\n<\/div>\n\n\n\n<p><\/p>\n","protected":false},"excerpt":{"rendered":"<p>In vier Schritten &#8211; und gerne auch anhand von bestehenden Bildern &#8211;\u00a0bestimmen, was dein gew\u00fcnschtes Gem\u00e4lde ausmachen soll: Farbstellung vorgeben Graphische Komplexit\u00e4t bestimmen Mustertyp definieren Bild- \/Leinwandgr\u00f6\u00dfe festlegen 1. FARBSTELLUNG VORGEBEN Sag mir, welche Farben du haben m\u00f6chtest f\u00fcr dein Wunschgem\u00e4lde. Welche nicht? Magst du es eher beruhigt und aus wenigen Farben kommend oder eher [&hellip;]<\/p>\n","protected":false},"author":1,"featured_media":0,"parent":0,"menu_order":0,"comment_status":"closed","ping_status":"closed","template":"","meta":[],"_links":{"self":[{"href":"https:\/\/mykindof.art\/acrylgemaelde\/wp-json\/wp\/v2\/pages\/42"}],"collection":[{"href":"https:\/\/mykindof.art\/acrylgemaelde\/wp-json\/wp\/v2\/pages"}],"about":[{"href":"https:\/\/mykindof.art\/acrylgemaelde\/wp-json\/wp\/v2\/types\/page"}],"author":[{"embeddable":true,"href":"https:\/\/mykindof.art\/acrylgemaelde\/wp-json\/wp\/v2\/users\/1"}],"replies":[{"embeddable":true,"href":"https:\/\/mykindof.art\/acrylgemaelde\/wp-json\/wp\/v2\/comments?post=42"}],"version-history":[{"count":37,"href":"https:\/\/mykindof.art\/acrylgemaelde\/wp-json\/wp\/v2\/pages\/42\/revisions"}],"predecessor-version":[{"id":428,"href":"https:\/\/mykindof.art\/acrylgemaelde\/wp-json\/wp\/v2\/pages\/42\/revisions\/428"}],"wp:attachment":[{"href":"https:\/\/mykindof.art\/acrylgemaelde\/wp-json\/wp\/v2\/media?parent=42"}],"curies":[{"name":"wp","href":"https:\/\/api.w.org\/{rel}","templated":true}]}}