{"id":263,"date":"2021-05-12T21:58:18","date_gmt":"2021-05-12T19:58:18","guid":{"rendered":"https:\/\/mykindof.art\/acrylgemaelde\/?page_id=263"},"modified":"2021-05-19T15:58:40","modified_gmt":"2021-05-19T13:58:40","slug":"ueber-mich","status":"publish","type":"page","link":"https:\/\/mykindof.art\/acrylgemaelde\/ueber-mich\/","title":{"rendered":"\u00dcber Mich"},"content":{"rendered":"\n<div class=\"wp-block-image\"><figure class=\"alignleft size-large is-resized\"><img loading=\"lazy\" src=\"https:\/\/mykindof.art\/wp-content\/uploads\/2021\/05\/Thomas-Bru\u0308ll.jpg\" alt=\"\" class=\"wp-image-265\" width=\"234\" height=\"349\"\/><\/figure><\/div>\n\n\n\n<p>Tach zusammen! Das bin ich, Thomas Br\u00fcll. Geboren und lebend in D\u00fcsseldorf. Kind der 70er Jahre und meiner Eltern. Welch \u00dcberraschung. Ca. 185,8523 cm lang und komme damit auch bei gro\u00dfformatigen Gem\u00e4lden gut an jede Stelle der Leinwand. Klingt konstruiert und irrelevant? Ist es auch. Und das Beste: den Bildern ist es v\u00f6llig egal.&nbsp;<\/p>\n\n\n\n<p>Deswegen fasse ich den \u201e\u00dcber mich\u201c-Teil auch bewusst kurz. Der H\u00f6flichkeit halber wollte ich mich aber dennoch vorstellen. Sch\u00f6n, dass du hier bist.<\/p>\n\n\n\n<p>Meine Kunst soll bewusst nicht elit\u00e4r sein, sondern pers\u00f6nlich und nahbar. Im positivsten Sinne allt\u00e4glich. Kein Sonntagsbesuch im Museum mit \u201eOh\u201c und \u201eAh\u201c und \u201eWas will uns der K\u00fcnstler damit sagen?\u201c \u201eNix\u201c w\u00e4re die Antwort.<\/p>\n\n\n\n<p>Einen kleinen Beitrag m\u00f6chte ich dazu leisten, dass sich diejenigen, die m\u00f6chten, mit mir ihr zu Hause ein kleines bisschen pers\u00f6nlicher<strong> <\/strong>einrichten k\u00f6nnen. F\u00fcr mehr Originalit\u00e4t und weniger Kunstdrucke. F\u00fcr die eigenen vier W\u00e4nde oder auch als Geschenk. Einfach f\u00fcr mehr Kunst im Leben.<\/p>\n\n\n\n<p>Bei jeglichen Fragen kannst du dich gerne an mich wenden. Fragen kost&#8216; nix. Ich antworte pers\u00f6nlich und so schnell wie m\u00f6glich. Ich bedanke mich jetzt schon f\u00fcr dein Interesse.<\/p>\n\n\n\n<div class=\"wp-container-2 wp-block-buttons is-content-justification-center\">\n<div class=\"wp-block-button has-custom-width wp-block-button__width-50 is-style-outline\"><a class=\"wp-block-button__link has-dark-gray-color has-white-background-color has-text-color has-background no-border-radius\" href=\"mailto:kontakt@mykindof.art\">Kontakt aufnehmen<\/a><\/div>\n<\/div>\n\n\n\n<p><\/p>\n","protected":false},"excerpt":{"rendered":"<p>Tach zusammen! Das bin ich, Thomas Br\u00fcll. Geboren und lebend in D\u00fcsseldorf. Kind der 70er Jahre und meiner Eltern. Welch \u00dcberraschung. Ca. 185,8523 cm lang und komme damit auch bei gro\u00dfformatigen Gem\u00e4lden gut an jede Stelle der Leinwand. Klingt konstruiert und irrelevant? Ist es auch. Und das Beste: den Bildern ist es v\u00f6llig egal.&nbsp; Deswegen [&hellip;]<\/p>\n","protected":false},"author":1,"featured_media":0,"parent":0,"menu_order":0,"comment_status":"closed","ping_status":"closed","template":"","meta":[],"_links":{"self":[{"href":"https:\/\/mykindof.art\/acrylgemaelde\/wp-json\/wp\/v2\/pages\/263"}],"collection":[{"href":"https:\/\/mykindof.art\/acrylgemaelde\/wp-json\/wp\/v2\/pages"}],"about":[{"href":"https:\/\/mykindof.art\/acrylgemaelde\/wp-json\/wp\/v2\/types\/page"}],"author":[{"embeddable":true,"href":"https:\/\/mykindof.art\/acrylgemaelde\/wp-json\/wp\/v2\/users\/1"}],"replies":[{"embeddable":true,"href":"https:\/\/mykindof.art\/acrylgemaelde\/wp-json\/wp\/v2\/comments?post=263"}],"version-history":[{"count":9,"href":"https:\/\/mykindof.art\/acrylgemaelde\/wp-json\/wp\/v2\/pages\/263\/revisions"}],"predecessor-version":[{"id":340,"href":"https:\/\/mykindof.art\/acrylgemaelde\/wp-json\/wp\/v2\/pages\/263\/revisions\/340"}],"wp:attachment":[{"href":"https:\/\/mykindof.art\/acrylgemaelde\/wp-json\/wp\/v2\/media?parent=263"}],"curies":[{"name":"wp","href":"https:\/\/api.w.org\/{rel}","templated":true}]}}